 what is -20301 - 5?
-20306
In base 5, what is 2331 - -143?
3024
In base 16, what is -80 + 406?
386
In base 2, what is -111100101 - 100000111?
-1011101100
In base 7, what is 2113 - 203?
1610
In base 13, what is -5 + -1719?
-1721
In base 14, what is c - -2ab?
2b9
In base 12, what is -7 - 253?
-25a
In base 2, what is -101 - -1111111111001011?
1111111111000110
In base 15, what is 377 + 128?
4a0
In base 6, what is 34022 + 2?
34024
In base 4, what is -131 - 103332213?
-103333010
In base 11, what is -17a181 + 4?
-17a178
In base 15, what is -1757a + 4?
-17576
In base 5, what is -4 - -3143302?
3143243
In base 16, what is -28af2b - 0?
-28af2b
In base 12, what is -979 + -54?
-a11
In base 15, what is 3 + 4519?
451c
In base 9, what is -102725 + -3?
-102728
In base 14, what is -62 + ac6?
a64
In base 3, what is -21202101 - 20?
-21202121
In base 6, what is 3104 + -41?
3023
In base 10, what is -28 - -34359?
34331
In base 11, what is -4 + 409a?
4096
In base 9, what is -747 - 53?
-811
In base 12, what is -360 - 58?
-3b8
In base 14, what is -38 + -36a?
-3a4
In base 7, what is 222 - -4432?
4654
In base 4, what is -111113 + -10220?
-121333
In base 8, what is -5 + 115554?
115547
In base 16, what is -28d + ad6?
849
In base 9, what is 7784 + -5?
7778
In base 7, what is -4 - 101430?
-101434
In base 15, what is ae6 - 1d7?
90e
In base 2, what is 11 + 10100100011?
10100100110
In base 6, what is 4 - -4550153?
4550201
In base 4, what is -1220 - 100121300?
-100123120
In base 7, what is 40256 - -1000?
41256
In base 9, what is -17482 + 50?
-17432
In base 12, what is -7 - 48967?
-48972
In base 4, what is -32322012 - -1100?
-32320312
In base 2, what is 1100111010111111110 + 100?
1100111011000000010
In base 10, what is 537 + -3565?
-3028
In base 14, what is -6 + -1aa17?
-1aa1d
In base 11, what is 6932 - -2?
6934
In base 2, what is 11101001 - 1010100111001?
-1010001010000
In base 4, what is -102 - 11133123?
-11133231
In base 5, what is -21344132 - 3?
-21344140
In base 7, what is 2 - 13024532?
-13024530
In base 9, what is -230 + 4432?
4202
In base 4, what is -11112 - -1301202?
1230030
In base 5, what is 112442012 + -4?
112442003
In base 14, what is -1 - -3ad6?
3ad5
In base 13, what is 0 - -b2?
b2
In base 12, what is 28411 - 4?
28409
In base 4, what is 122 + -2200221?
-2200033
In base 5, what is -34213 - 334?
-40102
In base 5, what is -10 + -204122?
-204132
In base 7, what is -25404 - -111?
-25263
In base 12, what is 2283a - -20?
2285a
In base 14, what is 8285d0 + 2?
8285d2
In base 3, what is 2202010200 - -20?
2202010220
In base 6, what is 21503 - -42?
21545
In base 9, what is -6661 + 0?
-6661
In base 2, what is 1110100 - 10110001101?
-10100011001
In base 10, what is 176 - -62?
238
In base 9, what is -16 - 80?
-106
In base 2, what is -1110 - -10011010101101000?
10011010101011010
In base 9, what is 4761 - 26?
4734
In base 10, what is -14368 + 1?
-14367
In base 3, what is -21102010021 - -2?
-21102010012
In base 11, what is -1 - 2869a1?
-2869a2
In base 6, what is -5521 - 14?
-5535
In base 3, what is 101212 + 101011?
210000
In base 4, what is 102032312 - -12?
102032330
In base 9, what is -501 + 850?
348
In base 11, what is -a7 + 385?
289
In base 7, what is 205031 - 1?
205030
In base 15, what is -833 + 19?
-819
In base 15, what is 25 - -37e5?
381a
In base 14, what is -5540 + 57?
-54c7
In base 14, what is -3 + 60?
5b
In base 11, what is -4239 - 4?
-4242
In base 8, what is 340 - -60?
420
In base 7, what is -220 - 41031?
-41251
In base 15, what is d + 49e?
4ac
In base 10, what is 10116 - -40?
10156
In base 15, what is -1 + -b28b?
-b28c
In base 15, what is -6 - 3598?
-359e
In base 4, what is -10 - -122131?
122121
In base 8, what is 452760 + -1?
452757
In base 16, what is -b - -348b?
3480
In base 10, what is -2311774 + 3?
-2311771
In base 3, what is 100002 - 12020?
10212
In base 3, what is -20100202220 + -10?
-20100210000
In base 2, what is -1 - -10101011001?
10101011000
In base 15, what is -2 - -2c94?
2c92
In base 7, what is -11051055 - -1?
-11051054
In base 11, what is 23 + 3031?
3054
In base 6, what is 340 - -254?
1034
In base 5, what is 302300 + -3?
302242
In base 5, what is -130320 + -1040?
-131410
In base 13, what is 7 - 4410?
-4406
In base 2, what is -100110000110 - 111111?
-100111000101
In base 13, what is -35962c + 3?
-359629
In base 7, what is -143 + 11?
-132
In base 8, what is -17547 - -24?
-17523
In base 7, what is -13543512 + 3?
-13543506
In base 12, what is 14ab - 210?
129b
In base 6, what is 2532 - 1224?
1304
In base 13, what is -3 + 1568a?
15687
In base 2, what is -101000010101100110 - -101?
-101000010101100001
In base 12, what is -11653 + 14?
-1163b
In base 2, what is -100101111110100101 + 0?
-100101111110100101
In base 12, what is 3324a - -4?
33252
In base 4, what is -221211 - -213?
-220332
In base 4, what is 20 + 1331121?
1331201
In base 15, what is 25b - 4d8?
-27c
In base 8, what is -4 - 30254?
-30260
In base 15, what is 794 - -8c?
831
In base 5, what is 4142 - -33?
4230
In base 13, what is 94b108 + 5?
94b110
In base 9, what is -1532 - -50?
-1472
In base 11, what is -581762 + -5?
-581767
In base 10, what is -11551 - 2?
-11553
In base 12, what is -68 + 3b7b?
3b13
In base 16, what is -6 + -24aa?
-24b0
In base 15, what is -9a35 - 1a?
-9a50
In base 15, what is -5a75 + 1?
-5a74
In base 9, what is -4540 + 106?
-4433
In base 10, what is -8 + -29649?
-29657
In base 11, what is 10 - -125a12?
125a22
In base 6, what is -12400324 + -3?
-12400331
In base 4, what is 10302001 - -13?
10302020
In base 8, what is 2 + 31217?
31221
In base 16, what is -2 + 8179c?
8179a
In base 7, what is 5 + -112153?
-112145
In base 2, what is 1001000 + 1110000110000?
1110001111000
In base 6, what is -1115440 + -22?
-1115502
In base 7, what is -1516 - 1?
-1520
In base 9, what is 1 + 373404?
373405
In base 9, what is -568773 - 0?
-568773
In base 10, what is -58 - -606?
548
In base 14, what is -20 + 1058c?
1056c
In base 14, what is -13 + -60b44?
-60b57
In base 3, what is 10 - -1222222112?
1222222122
In base 2, what is -100 + 101110001101001101?
101110001101001001
In base 12, what is -8707 + 1?
-8706
In base 7, what is 52 + -10134?
-10052
In base 3, what is 11 - -2211110010?
2211110021
In base 6, what is 1332352 - 15?
1332333
In base 9, what is -5 - -12481?
12475
In base 2, what is -10 - 100110101001110?
-100110101010000
In base 4, what is 132 + -130133?
-130001
In base 9, what is 228 - 32505?
-32266
In base 3, what is 111 - -101000211022?
101000211210
In base 4, what is 321 - 12131?
-11210
In base 4, what is -3301 + 10?
-3231
In base 9, what is 312042 + -6?
312035
In base 11, what is 3aa7 - -10?
4007
In base 5, what is 103202 - 241?
102411
In base 6, what is 152300235 + 5?
152300244
In base 12, what is 3 + 12073?
12076
In base 16, what is b9 + -141?
-88
In base 12, what is 130a - 121?
11a9
In base 9, what is 3451 - -40?
3501
In base 12, what is -45b5b - a?
-45b69
In base 6, what is 5311 - -3024?
12335
In base 3, what is -202 - 21122011221?
-21122012200
In base 3, what is 2020122 + 1102?
2022001
In base 12, what is -3a28 - 6?
-3a32
In base 4, what is 1213331213 + 10?
1213331223
In base 16, what is -3c34 + -63?
-3c97
In base 3, what is 121 - -10200012?
10200210
In base 7, what is -6 + -322201?
-322210
In base 15, what is 1d + 27e?
29c
In base 10, what is -7813 + -4?
-7817
In base 12, what is 17a6 + -1?
17a5
In base 5, what is 11 - -14111?
14122
In base 10, what is 6073 - 13?
6060
In base 13, what is -3 - 5a55?
-5a58
In base 9, what is -4768001 - 0?
-4768001
In base 11, what is 6 - a06a?
-a064
In base 16, what is -201c + 5?
-2017
In base 4, what is -2 + 1321331?
1321323
In base 5, what is -13 + -2321?
-2334
In base 4, what is -200 - 111121?
-111321
In base 4, what is -31011 + 21100?
-3311
In base 6, what is -323332 + 0?
-323332
In base 12, what is 15b95 - -5?
15b9a
In base 15, what is 3 + -9753?
-9750
In base 5, what is -244 - -1432?
1133
In base 16, what is 28 - -dcef?
dd17
In base 12, what is -1a258b - -5?
-1a2586
In base 5, what is 21111 - -20?
21131
In base 2, what is 10001001110110 - -101000010?
10001110111000
In base 3, what is -1000110202 + 121?
-1000110011
In base 11, what is -1a - -1220?
1201
In base 5, what is -3 - 1342111?
-1342114
In base 13, what is -551 + 21a?
-334
In base 11, what is -530 - -2